{"id":12,"date":"2024-07-16T20:58:09","date_gmt":"2024-07-16T18:58:09","guid":{"rendered":"https:\/\/cunbav.usac.edu.gt\/?page_id=12"},"modified":"2025-04-01T02:09:45","modified_gmt":"2025-04-01T00:09:45","slug":"mision-y-vision","status":"publish","type":"page","link":"https:\/\/cunbav.usac.edu.gt\/?page_id=12","title":{"rendered":"Misi\u00f3n y Visi\u00f3n"},"content":{"rendered":"\n<div class=\"wp-block-columns is-layout-flex wp-container-core-columns-is-layout-9d6595d7 wp-block-columns-is-layout-flex\">\n<div class=\"wp-block-column is-layout-flow wp-block-column-is-layout-flow\">\n<p class=\"has-text-align-center has-vivid-cyan-blue-color has-text-color has-link-color has-large-font-size wp-elements-bb4f7cae47a12c0819ea25332adc75c6\"><strong>Misi\u00f3n<\/strong><\/p>\n<\/div>\n\n\n\n<div class=\"wp-block-column is-layout-flow wp-block-column-is-layout-flow\">\n<p class=\"has-text-align-center has-vivid-cyan-blue-color has-text-color has-link-color has-large-font-size wp-elements-b61cd66091b828c9f93035c28309a052\"><strong>Visi\u00f3n<\/strong><\/p>\n<\/div>\n<\/div>\n\n\n\n<div class=\"wp-block-columns is-layout-flex wp-container-core-columns-is-layout-9d6595d7 wp-block-columns-is-layout-flex\">\n<div class=\"wp-block-column is-layout-flow wp-block-column-is-layout-flow\">\n<p class=\"has-text-align-center\"><strong>Misi\u00f3n \u201cEl Centro Universitario de Baja Verapaz de la Universidad de San Carlos de Guatemala, es la Instituci\u00f3n de Educaci\u00f3n Superior encargada de cumplir con responsabilidad y \u00e9tica las funciones de docencia, investigaci\u00f3n, extensi\u00f3n y servicio, as\u00ed como formar profesionales calificados y comprometidos con la construcci\u00f3n de una sociedad donde prevalezcan los Valores, la Justicia y la Equidad.\u201d<\/strong><\/p>\n<\/div>\n\n\n\n<div class=\"wp-block-column is-layout-flow wp-block-column-is-layout-flow\">\n<p class=\"has-text-align-center\"><strong>\u201cConstituirse en una unidad acad\u00e9mica de la Universidad de San Carlos de Guatemala, rectora de la educaci\u00f3n superior estatal en el departamento de Baja Verapaz, que, en consonancia con el avance social, cient\u00edfico-tecnol\u00f3gico forme profesionales con excelencia acad\u00e9mica en las distintas \u00e1reas del conocimiento humano.\u201d<\/strong><\/p>\n<\/div>\n<\/div>\n\n\n\n<p><\/p>\n","protected":false},"excerpt":{"rendered":"<p>Misi\u00f3n Visi\u00f3n Misi\u00f3n \u201cEl Centro Universitario de Baja Verapaz de la Universidad de San Carlos de Guatemala, es la Instituci\u00f3n de Educaci\u00f3n Superior encargada de cumplir con responsabilidad y \u00e9tica las funciones de docencia, investigaci\u00f3n, extensi\u00f3n y servicio, as\u00ed como formar profesionales calificados y comprometidos con la construcci\u00f3n de una sociedad donde prevalezcan los Valores, [&hellip;]<\/p>\n","protected":false},"author":1,"featured_media":0,"parent":0,"menu_order":0,"comment_status":"closed","ping_status":"closed","template":"","meta":{"iawp_total_views":2,"footnotes":""},"class_list":["post-12","page","type-page","status-publish","czr-hentry"],"_links":{"self":[{"href":"https:\/\/cunbav.usac.edu.gt\/index.php?rest_route=\/wp\/v2\/pages\/12","targetHints":{"allow":["GET"]}}],"collection":[{"href":"https:\/\/cunbav.usac.edu.gt\/index.php?rest_route=\/wp\/v2\/pages"}],"about":[{"href":"https:\/\/cunbav.usac.edu.gt\/index.php?rest_route=\/wp\/v2\/types\/page"}],"author":[{"embeddable":true,"href":"https:\/\/cunbav.usac.edu.gt\/index.php?rest_route=\/wp\/v2\/users\/1"}],"replies":[{"embeddable":true,"href":"https:\/\/cunbav.usac.edu.gt\/index.php?rest_route=%2Fwp%2Fv2%2Fcomments&post=12"}],"version-history":[{"count":4,"href":"https:\/\/cunbav.usac.edu.gt\/index.php?rest_route=\/wp\/v2\/pages\/12\/revisions"}],"predecessor-version":[{"id":388,"href":"https:\/\/cunbav.usac.edu.gt\/index.php?rest_route=\/wp\/v2\/pages\/12\/revisions\/388"}],"wp:attachment":[{"href":"https:\/\/cunbav.usac.edu.gt\/index.php?rest_route=%2Fwp%2Fv2%2Fmedia&parent=12"}],"curies":[{"name":"wp","href":"https:\/\/api.w.org\/{rel}","templated":true}]}}