{"id":2,"date":"2024-07-15T23:10:47","date_gmt":"2024-07-15T21:10:47","guid":{"rendered":"https:\/\/cunbav.usac.edu.gt\/?page_id=2"},"modified":"2025-08-06T02:24:48","modified_gmt":"2025-08-06T00:24:48","slug":"inicio","status":"publish","type":"page","link":"https:\/\/cunbav.usac.edu.gt\/","title":{"rendered":"INICIO"},"content":{"rendered":"\n<div class=\"wp-block-columns alignfull is-layout-flex wp-container-core-columns-is-layout-9d6595d7 wp-block-columns-is-layout-flex\">\n<div class=\"wp-block-column is-layout-flow wp-block-column-is-layout-flow\" style=\"flex-basis:10%\"><\/div>\n\n\n\n<div class=\"wp-block-column is-layout-flow wp-block-column-is-layout-flow\" style=\"flex-basis:80%\">\n<div class=\"wp-block-columns alignwide is-layout-flex wp-container-core-columns-is-layout-9d6595d7 wp-block-columns-is-layout-flex\">\n<div class=\"wp-block-column is-layout-flow wp-block-column-is-layout-flow\">\n<h2 class=\"wp-block-heading has-text-color has-link-color wp-elements-8388b8cd0bb87c0d1b27718a6d7eda88\" style=\"color:#005ce6\"><strong>Direcci\u00f3n<\/strong><\/h2>\n\n\n\n<p>Atenci\u00f3n a docentes, estudiantes y p\u00fablico en general para procesos administrativos de Direcci\u00f3n.<\/p>\n\n\n\n<h4 class=\"wp-block-heading\">Horario de Atenci\u00f3n<\/h4>\n\n\n\n<p>Lunes a Viernes de<br>09:00 a 17:00 horas.<\/p>\n\n\n\n<h4 class=\"wp-block-heading\">Contacto<\/h4>\n\n\n\n<p>secretariacunbav@gmail.com<\/p>\n\n\n\n<p><img loading=\"lazy\" decoding=\"async\" width=\"30\" height=\"30\" class=\"wp-image-205\" style=\"width: 30px;\" src=\"https:\/\/cunbav.usac.edu.gt\/wp-content\/uploads\/2025\/03\/WhatsApp_icon.png\" alt=\"\">3945-9897<\/p>\n<\/div>\n\n\n\n<div class=\"wp-block-column is-layout-flow wp-block-column-is-layout-flow\">\n<h2 class=\"wp-block-heading has-text-color has-link-color wp-elements-3f35acc88935a7fed6254435c1622e39\" style=\"color:#005ce6\"><strong>Secretar\u00eda Control Acad\u00e9mico<\/strong><\/h2>\n\n\n\n<p>Inscripci\u00f3n presencial primer ingreso.<\/p>\n\n\n\n<p>Tr\u00e1mites Administrativos como:<\/p>\n\n\n\n<ul class=\"wp-block-list\">\n<li>Traslados de carrera.<\/li>\n\n\n\n<li>Traslado de matr\u00edcula.<\/li>\n\n\n\n<li>Carrera simult\u00e1nea.<\/li>\n\n\n\n<li>Ingreso como graduado.<\/li>\n\n\n\n<li>Equivalencias.<\/li>\n<\/ul>\n\n\n\n<h4 class=\"wp-block-heading\">Horario de Atenci\u00f3n<\/h4>\n\n\n\n<p>Lunes a viernes de<br>13:00 a 21:00 horas.<\/p>\n\n\n\n<h4 class=\"wp-block-heading\">Contacto<\/h4>\n\n\n\n<p>secretariacontrolacadcunbav@gmail.com<\/p>\n<\/div>\n\n\n\n<div class=\"wp-block-column is-layout-flow wp-block-column-is-layout-flow\">\n<h2 class=\"wp-block-heading has-text-color has-link-color wp-elements-5f9b77d4a3ce5eda15a69210d2a46aa7\" style=\"color:#005ce6\"><strong>Orientaci\u00f3n Vocacional<\/strong><\/h2>\n\n\n\n<p>Determinar la aptitud acad\u00e9mica del aspirante con base a medir sus habilidades verbal, num\u00e9rica, abstracta y espacial, para orientarlo en la selecci\u00f3n de la carrera universitaria de acuerdo a sus intereses.<\/p>\n\n\n\n<h4 class=\"wp-block-heading\">Horario de Atenci\u00f3n<\/h4>\n\n\n\n<p>Lunes a viernes de<br>09:00 a 13:00 horas.<\/p>\n\n\n\n<h4 class=\"wp-block-heading\">Contacto<\/h4>\n\n\n\n<p><img loading=\"lazy\" decoding=\"async\" width=\"30\" height=\"30\" class=\"wp-image-205\" style=\"width: 30px;\" src=\"https:\/\/cunbav.usac.edu.gt\/wp-content\/uploads\/2025\/03\/WhatsApp_icon.png\" alt=\"\">5875-4836<\/p>\n<\/div>\n\n\n\n<div class=\"wp-block-column is-layout-flow wp-block-column-is-layout-flow\">\n<h2 class=\"wp-block-heading has-text-color has-link-color wp-elements-a7f1deb41eb49b4de83a2e3600668410\" style=\"color:#005ce6\"><strong>Primer Ingreso<\/strong><\/h2>\n\n\n\n<ul class=\"wp-block-list\">\n<li>Pruebas B\u00e1sicas.<\/li>\n\n\n\n<li>Pruebas Espec\u00edficas.<\/li>\n<\/ul>\n\n\n\n<h4 class=\"wp-block-heading\">Horario de Atenci\u00f3n<\/h4>\n\n\n\n<p>Martes a Viernes de<br>13:00 a 21:00 horas.<br>S\u00e1bado de<br>08:00 a 16:00 horas.<\/p>\n\n\n\n<h4 class=\"wp-block-heading\">Contacto<\/h4>\n\n\n\n<p>ucunbav@gmail.com<\/p>\n\n\n\n<p><img loading=\"lazy\" decoding=\"async\" width=\"30\" height=\"30\" class=\"wp-image-205\" style=\"width: 30px;\" src=\"https:\/\/cunbav.usac.edu.gt\/wp-content\/uploads\/2025\/03\/WhatsApp_icon.png\" alt=\"\">3265-7983<\/p>\n<\/div>\n\n\n\n<div class=\"wp-block-column is-layout-flow wp-block-column-is-layout-flow\">\n<h2 class=\"wp-block-heading has-text-color has-link-color wp-elements-6d3fed2f4899c5f9633c4bbb747606cd\" style=\"color:#005ce6\"><strong>Biblioteca<\/strong><\/h2>\n\n\n\n<ul class=\"wp-block-list\">\n<li>Revisi\u00f3n de Bibliograf\u00edas.<\/li>\n\n\n\n<li>Extensi\u00f3n de solvencias de biblioteca.<\/li>\n\n\n\n<li>Constancia de Entrega de Trabajos de Graduaci\u00f3n.<\/li>\n\n\n\n<li>Tesario.<\/li>\n\n\n\n<li>Aula virtual biblioteca.<\/li>\n\n\n\n<li>Normas APA (Bibliograf\u00edas).<\/li>\n<\/ul>\n\n\n\n<h4 class=\"wp-block-heading\">Horario de Atenci\u00f3n<\/h4>\n\n\n\n<p>Lunes a viernes de<br>13:00 a 20:00 horas.<br>S\u00e1bado de<br>07:00 a 12:00 horas.<\/p>\n\n\n\n<h4 class=\"wp-block-heading\">Contacto<\/h4>\n\n\n\n<p>bcunbav@gmail.com<\/p>\n\n\n\n<p><\/p>\n<\/div>\n<\/div>\n<\/div>\n\n\n\n<div class=\"wp-block-column is-layout-flow wp-block-column-is-layout-flow\" style=\"flex-basis:10%\"><\/div>\n<\/div>\n\n\n\n<p><\/p>\n","protected":false},"excerpt":{"rendered":"<p>Direcci\u00f3n Atenci\u00f3n a docentes, estudiantes y p\u00fablico en general para procesos administrativos de Direcci\u00f3n. Horario de Atenci\u00f3n Lunes a Viernes de09:00 a 17:00 horas. Contacto secretariacunbav@gmail.com 3945-9897 Secretar\u00eda Control Acad\u00e9mico Inscripci\u00f3n presencial primer ingreso. Tr\u00e1mites Administrativos como: Horario de Atenci\u00f3n Lunes a viernes de13:00 a 21:00 horas. Contacto secretariacontrolacadcunbav@gmail.com Orientaci\u00f3n Vocacional Determinar la aptitud acad\u00e9mica [&hellip;]<\/p>\n","protected":false},"author":1,"featured_media":0,"parent":0,"menu_order":0,"comment_status":"closed","ping_status":"closed","template":"","meta":{"iawp_total_views":2842,"footnotes":""},"class_list":["post-2","page","type-page","status-publish","czr-hentry"],"_links":{"self":[{"href":"https:\/\/cunbav.usac.edu.gt\/index.php?rest_route=\/wp\/v2\/pages\/2","targetHints":{"allow":["GET"]}}],"collection":[{"href":"https:\/\/cunbav.usac.edu.gt\/index.php?rest_route=\/wp\/v2\/pages"}],"about":[{"href":"https:\/\/cunbav.usac.edu.gt\/index.php?rest_route=\/wp\/v2\/types\/page"}],"author":[{"embeddable":true,"href":"https:\/\/cunbav.usac.edu.gt\/index.php?rest_route=\/wp\/v2\/users\/1"}],"replies":[{"embeddable":true,"href":"https:\/\/cunbav.usac.edu.gt\/index.php?rest_route=%2Fwp%2Fv2%2Fcomments&post=2"}],"version-history":[{"count":11,"href":"https:\/\/cunbav.usac.edu.gt\/index.php?rest_route=\/wp\/v2\/pages\/2\/revisions"}],"predecessor-version":[{"id":417,"href":"https:\/\/cunbav.usac.edu.gt\/index.php?rest_route=\/wp\/v2\/pages\/2\/revisions\/417"}],"wp:attachment":[{"href":"https:\/\/cunbav.usac.edu.gt\/index.php?rest_route=%2Fwp%2Fv2%2Fmedia&parent=2"}],"curies":[{"name":"wp","href":"https:\/\/api.w.org\/{rel}","templated":true}]}}