{"id":269,"date":"2025-03-13T20:08:56","date_gmt":"2025-03-13T19:08:56","guid":{"rendered":"https:\/\/cunbav.usac.edu.gt\/?page_id=269"},"modified":"2025-04-01T02:18:31","modified_gmt":"2025-04-01T00:18:31","slug":"area-de-apoyo-administrativo","status":"publish","type":"page","link":"https:\/\/cunbav.usac.edu.gt\/?page_id=269","title":{"rendered":"\u00c1REA DE APOYO ADMINISTRATIVO"},"content":{"rendered":"\n<p class=\"has-medium-font-size\">\u00c1rea funcional que se encarga del quehacer operativo que est\u00e1n incluidas en la planeaci\u00f3n de la unidad acad\u00e9mica, sus relaciones internas y externas en el marco jur\u00eddico institucional, as\u00ed como del fortalecimiento de la estructura organizativa donde se apliquen los sistemas y procesos administrativos tales como el apoyo secretarial, apoyo administrativo de servicios, vigilancia e infraestructura.<\/p>\n\n\n\n<p><\/p>\n","protected":false},"excerpt":{"rendered":"<p>\u00c1rea funcional que se encarga del quehacer operativo que est\u00e1n incluidas en la planeaci\u00f3n de la unidad acad\u00e9mica, sus relaciones internas y externas en el marco jur\u00eddico institucional, as\u00ed como del fortalecimiento de la estructura organizativa donde se apliquen los sistemas y procesos administrativos tales como el apoyo secretarial, apoyo administrativo de servicios, vigilancia e [&hellip;]<\/p>\n","protected":false},"author":2,"featured_media":0,"parent":0,"menu_order":0,"comment_status":"closed","ping_status":"closed","template":"","meta":{"iawp_total_views":4,"footnotes":""},"class_list":["post-269","page","type-page","status-publish","czr-hentry"],"_links":{"self":[{"href":"https:\/\/cunbav.usac.edu.gt\/index.php?rest_route=\/wp\/v2\/pages\/269","targetHints":{"allow":["GET"]}}],"collection":[{"href":"https:\/\/cunbav.usac.edu.gt\/index.php?rest_route=\/wp\/v2\/pages"}],"about":[{"href":"https:\/\/cunbav.usac.edu.gt\/index.php?rest_route=\/wp\/v2\/types\/page"}],"author":[{"embeddable":true,"href":"https:\/\/cunbav.usac.edu.gt\/index.php?rest_route=\/wp\/v2\/users\/2"}],"replies":[{"embeddable":true,"href":"https:\/\/cunbav.usac.edu.gt\/index.php?rest_route=%2Fwp%2Fv2%2Fcomments&post=269"}],"version-history":[{"count":2,"href":"https:\/\/cunbav.usac.edu.gt\/index.php?rest_route=\/wp\/v2\/pages\/269\/revisions"}],"predecessor-version":[{"id":393,"href":"https:\/\/cunbav.usac.edu.gt\/index.php?rest_route=\/wp\/v2\/pages\/269\/revisions\/393"}],"wp:attachment":[{"href":"https:\/\/cunbav.usac.edu.gt\/index.php?rest_route=%2Fwp%2Fv2%2Fmedia&parent=269"}],"curies":[{"name":"wp","href":"https:\/\/api.w.org\/{rel}","templated":true}]}}